v(s)?
15
Let x(j) = 25*j + 22*j - 41*j + 1 - 2 - 4. Determine x(-5).
-35
Let j(z) = -z**3 - 3*z - z - 5 - 6*z**2 - z - z. Suppose -3*r - u = -4, u - 10 = -3*r + 3*u. Suppose -9 = r*s + 1. What is j(s)?
0
Let f(b) = 14*b - 3. Let l(i) = -i**3 - 8*i**2 - 24*i - 43. Let w be l(-5). Calculate f(w).
25
Let q(t) be the first derivative of -t**4/4 - 3*t**3 - 9*t**2/2 - 6*t - 1944. Let x(c) = -c**3 - 4*c**2 + 8*c + 7. Let k be x(-5). What is q(k)?
2
Let f(a) = -a**2 - 3*a + 5. Let d = -41 + 22. Let m = -24 - d. Give f(m).
-5
Let i(l) = -l**2 + 22*l + 3. Suppose -48*y + 24*y = -528. Calculate i(y).
3
Let k(v) = v**2 + 7*v + 7. Let l(w) = -w**2 - 2. Let n(t) = k(t) + 2*l(t). Give n(8).
-5
Suppose -3*j - 6 = 0, 2*s + 4*j = 5*s - 11. Let u(z) = 17*z - 1. Determine u(s).
16
Suppose 3*v = 2*m + 5, -2*v + 4*m = -4*v + 14. Suppose 4*k + v*a = -2*a + 64, -51 = -3*k - 3*a. Let p(w) = k - 26 - 14 + w**3 - w. What is p(0)?
-19
Let f = -238 + 229. Let z(v) = v**3 + 8*v**2 - 10*v - 20. Calculate z(f).
-11
Let r(x) = x**2 - 2*x - 9. Let q(v) = v**2 - v - 10. Let c(b) = 3*q(b) - 4*r(b). Give c(6).
0
Let t be (-20)/(-10)*(10 - 0). Suppose -4*h - t = h. Let z be (h/6)/((-8)/(-12)). Let s(p) = 4*p**3 - 2*p**2 + 1. Calculate s(z).
-5
Let s(m) = m**2 + 6*m + 11. Let j = -44 + 40. Give s(j).
3
Suppose -2*g - 4*h = 2, g - 2*h - 3*h = 13. Let f(n) = 1 + n**3 + 2*n**2 - 3*n**2 - 3*n**2 + 2*n**2 - 2*n. Give f(g).
4
Let p(g) be the second derivative of g**5/20 - 11*g**4/4 + g**2/2 + 3*g + 14. Give p(33).
1
Suppose -5*i + 402 = i. Let x = 69 - i. Let q(u) = -5*u - 2. Determine q(x).
-12
Let a be (19 - 10)*10/3. Suppose -3*d + o = 18, -5*d - 3*o = o + a. Let z(k) be the third derivative of k**5/60 + k**4/3 + k**3 - k**2. What is z(d)?
-6
Let l(v) = -5*v - 12. Let x(u) = 11*u + 23. Let i(j) = 7*l(j) + 3*x(j). Determine i(-11).
7
Let f(p) be the first derivative of p**4/12 + 4*p**3/3 + 5*p**2/2 - 15*p + 13. Let y(i) be the first derivative of f(i). What is y(-5)?
-10
Let o(i) = -i - 1. Suppose -34*x + 36*x - 4 = 0. What is o(x)?
-3
Let h(a) be the third derivative of -a**6/120 + a**5/30 + a**4/8 + a**3/3 + 25*a**2. Suppose 2*o - 9 + 3 = 0. Give h(o).
2
Let h(c) = c**3 - 8*c**2 - 11*c + 10. Let p be ((-22)/(-55))/((-2)/(-90)). Suppose 2*x - 4*x = -p. Calculate h(x).
-8
Let s(v) = -v**2 + 6*v + 7. Let r be 10 - (-5 - -6) - 1. Calculate s(r).
-9
Let i = -132 - -129. Let n(v) = -v - 1. Calculate n(i).
2
Let u(i) = -593*i + 1184. Let x be u(2). Let o = 8 - 6. Let h(w) = 2*w**2 - w**2 + o*w + 0*w + 1. Determine h(x).
1
Suppose 205 = 15*j + 295. Let m(l) = -6*l + 4. Let q(h) = -7*h + 3. Let u(f) = -5*m(f) + 4*q(f). What is u(j)?
-20
Let a(u) = -u + 11. Let n be 3*(-6)/12*-6. What is a(n)?
2
Let z = 4 - 2. Let t(a) = -5*a**3 + 3 + 4*a**z - a + 19*a**3 - 7*a**3 - 8*a**3. Determine t(4).
-1
Suppose 8*o - 1 = 7. Let p(d) = -520*d + o + 0*d**2 - d**2 + 526*d + 0*d**2. What is p(6)?
1
Let y(h) be the third derivative of -1/120*h**6 - 1/30*h**5 + 1/4*h**4 + 1/3*h**3 + 0 + 41*h**2 + 0*h. Give y(-4).
10
Let q(h) = -h**3 - 6*h**2 - 4*h + 7. Let n be q(-5). Suppose g = -n*g - 45. Let b be 4/6*g/2. Let i(l) = l**3 + 6*l**2 + 2*l - 2. Give i(b).
13
Let v(h) = -3*h**3 - 2*h**2 - h + 2. Suppose -3*c = -39 + 45. Calculate v(c).
20
Let h(t) = -7*t - 1. Let a = 4 - 1. Let x(k) = -2*k**a + k**3 + 0 - 2*k**2 + 1 + 8*k**2. Let d be x(6). Determine h(d).
-8
Let n(z) = 3*z + 48. Let h be n(-18). Let q be -3 + -2 + h + (0 - -4). Let y(c) = -c**2 - 6*c + 10. Give y(q).
3
Let y = 49 - 125. Let o be 4 - y/(12/3). Suppose o = -3*n - 2*n - 2*d, -18 = 3*n - 3*d. Let x(j) = j**2 + 5*j + 1. Give x(n).
1
Let s(m) = 3*m - 1. Let l(z) = 4*z - 1. Let d(u) = 4*l(u) - 5*s(u). Let y(j) = -5*j - 17. Let b(c) = 6*d(c) + y(c). Determine b(6).
-5
Let t(n) = -n**2 + 5*n - 6. Suppose 5*k - 49 - 31 = 3*q, -2*k + 51 = -5*q. Let z be -2 + 5 + 0 - (-26)/k. Determine t(z).
-6
Let g(f) = 0 - 17 + 151 + 6*f. Let h be g(-22). Let j(v) = -2*v - v + 3 - v. Calculate j(h).
-5
Let s(m) = -680*m + 14 + 342*m + 344*m. Calculate s(-5).
-16
Let q = 68 + -3. Let m = 192 - 117. Let h(v) = 8*v + m - q + 0*v - 6*v**2 - v**3. What is h(-7)?
3
Let z be -1 - 2 - -2 - (-3 - 1). Suppose -5*w = -2*d + 32, 0*w + z = -w - 3*d. Let m(h) be the third derivative of -h**4/24 + h**3/6 - h**2. Determine m(w).
7
Let v(f) = -f**3 + 17*f**2 + 92*f - 139. Let y be v(21). Let m(t) = t - 27. Determine m(y).
2
Suppose 2 - 5 = -3*q. Let h(v) = 5*v + 6. Let c(w) = -3*w - 4. Let x(y) = 8*c(y) + 5*h(y). Calculate x(q).
-1
Let t(u) be the first derivative of 13 + 1/2*u**2 + 7*u. Suppose 0 = -s, 4*x - 2*s - 3*s = -16. Determine t(x).
3
Let c(j) = -j**2 + 9*j + 9. Let w be c(9). Let y(m) = m**3 + m + m - m - 7*m**2 - w. Let f be y(7). Let g(o) = -2*o**3 - 3*o**2 - 2*o - 3. Determine g(f).
5
Let m = -20 + 24. Suppose k - m = 4*v, 18 = 5*k + 4*v - 2. Suppose 2*s = t - 8, -18 - 4 = 3*s - k*t. Let c(w) = 2*w. Determine c(s).
-4
Let m(k) be the second derivative of -k**4/6 - k**3 - 3*k**2/2 - 7*k + 4. Calculate m(-4).
-11
Suppose 0 = -0*y + 19*y - 76. Suppose -9*h + y*h - 5*v = 5, 0 = 3*h + 2*v + 3. Let b(o) = 3*o**3 - o - 1. Calculate b(h).
-3
Let a be 1/5 - (-19)/5. Let t(r) = 4*r - 14. Let q be t(a). Let l(d) = -2*d**2 + d + 2. What is l(q)?
-4
Let l(w) = w - 4. Let u(v) = -v + 1. Let a(m) = l(m) + 2*u(m). Suppose 0 = p + 3*p + 2*n - 94, 2*n - 119 = -5*p. Let x = 24 - p. What is a(x)?
-1
Let i(j) = -j**2 - j + 9. Suppose -4*f + 26 = -5*h + 6, 3*f = 3*h + 12. Give i(f).
9
Let d(x) = -3*x**2 - 43*x + 260. Let t be d(-19). Let l(r) = r**2 + 8*r + 3. Let a(q) = q**2 + 7*q + 2. Let f(g) = 3*a(g) - 2*l(g). Calculate f(t).
6
Suppose 3*p = 4*x - 8 - 16, x = p + 7. Let v(j) = -1 + 4*j**2 + 7 - 3 - 4*j - j**3. Let o be v(x). Let w(q) = -q**3 - q**2 + q - 2. Calculate w(o).
-2
Suppose 7*a - 178 = -143. Let d(z) be the second derivative of -1/6*z**3 + 0 + 5/2*z**2 + z. Calculate d(a).
0
Suppose 209*d = 183*d + 208. Let p(n) = n - 10. Determine p(d).
-2
Let f(u) = -13*u + 14*u + 62 - 66. What is f(8)?
4
Let f(t) be the first derivative of t**2/2 - 3*t + 153. Calculate f(-9).
-12
Let v(s) = 7*s - 2. Let c = -1 - 15. Let p(u) = -36*u + 10. Let q(k) = c*v(k) - 3*p(k). Let j be (-4)/(-10) + 8/5. Determine q(j).
-6
Let g(u) be the third derivative of 1/6*u**3 + 0 - 22*u**2 + 7/60*u**5 + 0*u + 0*u**4. What is g(-1)?
8
Suppose -2*p - 28 = 4*d, -5*d + 4*p = 7 + 15. Let c(j) = 2*j + 12. Calculate c(d).
0
Let k(a) be the first derivative of -a**3/3 - 3*a**2/2 - a + 35. What is k(-4)?
-5
Let r(g) = -g**3 - g**2 + 7*g + 2. Let l be r(-3). Let a = 23 - 16. Let u(h) = -a*h + 3*h + 2 - 1. Calculate u(l).
5
Suppose -2*b + 134 = 5*d + 122, -b - 1 = -d. Let u = -4 + 6. Let h(a) = 1 + u*a - 3*a - 2*a. Calculate h(b).
-2
Suppose -3*s + 3*u = 3, -2*s = 2*u + 4 - 14. Let n(b) be the third derivative of -b**5/60 - b**4/24 + b**3/3 + 5642*b**2. Determine n(s).
-4
Let a(w) = w**2 + 3*w - 6. Suppose -4*y - 4*d = -16, -2*y = -3*d - 4 - 4. Suppose 5*x - 110 = y*l - 7*l, -2*x + 45 = l. Suppose 6*u - u + x = 0. Calculate a(u).
4
Let x = -134 - -131. Let c(w) = 2*w + 2. Give c(x).
-4
Let a(k) be the second derivative of -k**3/6 - 3*k**2/2 - 49*k. What is a(0)?
-3
Let h be (-79 - -77)*(-30)/4. Let f(y) = 2*y - 14. What is f(h)?
16
Let h(y) = 11*y**2 - y. Let i be 1/4 - 342/(-72). Suppose 0 = 4*j - i + 1. What is h(j)?
10
Let j(p) = p**3 - 2*p**2 - 1 + 3 - 4*p + 2*p. Suppose 3*z = -0*z + 9. Suppose -k - 5*o + 6 = -z*k, 0 = -2*k + 4*o - 4. What is j(k)?
-2
Let h = 1 + -7. Let u be (-12)/(-78) - (-345)/39. Let i(k) = -u*k + 2 - 8*k**2 + 7*k**2 - 4 - 4. What is i(h)?
12
Suppose 12*f - 6*f - 36 = 0. Let j(m) = 5*m - 7. Calculate j(f).
23
Let u be 1/(-2)*(-1 - 5). Let k(i) = 0*i**3 + i**u - 19 + 3. Calculate k(0).
-16
Let f(t) = 2*t**3 + 7*t**2 + 5*t + 8. Suppose -30 = -5756*q + 5766*q. Determine f(q).
2
Let r(s) = 6 + 4*s**2 - s**2 + 6 - 2*s**2 + 3*s - 10. What is r(-5)?
12
Let z(p) = -4*p + 6. Let r be z(8). Let u = 24 + r. Let c(q) = q + 1. What is c(u)?
-1
Let m(x) = -x**2 - 3 - 2*x - 3 + 5. Let h(i) = i + i**2 + 5*i + i**3 + 0*i + 6 + 4*i**2. Let y be h(-4). Determine m(y).
-1
Let h(w) = 2 - 1 - 2 + 2*w - w**2. Suppose 19 - 10 = 3*l. Suppose l = 2*m - 5. Give h(m).
-9
Let i(m) = -3*m + 12. Let z(a) be the first derivative